n base 13, what is -1189 - -1357?
19b
In base 4, what is -3 + 10220000001231?
10220000001222
In base 9, what is -106 - 2165757?
-2165864
In base 8, what is -47024 + 5616?
-41206
In base 7, what is 424 - 6164324?
-6163600
In base 16, what is -3 - 4e9094?
-4e9097
In base 4, what is 11033310330 + 13022?
11033330012
In base 6, what is 22551 + -115453?
-52502
In base 10, what is -43146 + -134?
-43280
In base 6, what is -555331 - -1055?
-554232
In base 5, what is -20 + -1034213011?
-1034213031
In base 8, what is 35 - -4353552?
4353607
In base 12, what is 15b + 59a05?
59b64
In base 12, what is 2a - -28b703?
28b731
In base 5, what is -400 - 3401041?
-3401441
In base 13, what is -3 + -63318?
-6331b
In base 13, what is 1 + 65a800?
65a801
In base 5, what is 10134 + 322410?
333044
In base 8, what is -5160361 - 66?
-5160447
In base 6, what is 332532340 - 105?
332532231
In base 15, what is 0 - 50ca4d?
-50ca4d
In base 14, what is -103b + 4abd?
3a82
In base 5, what is 141423032122 + 2?
141423032124
In base 7, what is 6265221524 - -1?
6265221525
In base 14, what is d44c - 274?
d1b8
In base 14, what is 80 - -4dc7?
5067
In base 6, what is 2055511 - -45221?
2145132
In base 13, what is 549135 - 1c?
549116
In base 5, what is 102412420 + -102?
102412313
In base 13, what is b - 37c84?
-37c76
In base 12, what is -93b307 - 0?
-93b307
In base 4, what is -13002 + -3321211?
-10000213
In base 11, what is 22079735 + -3?
22079732
In base 14, what is -42b92a5 - -17?
-42b928c
In base 11, what is -103735756 + -1?
-103735757
In base 13, what is -1352 + 382?
-ca0
In base 5, what is 1031 + 1424112423?
1424114004
In base 2, what is 10 + -101011100110100011010011001?
-101011100110100011010010111
In base 2, what is -10011100100111111 - -1000001101011?
-10010100011010100
In base 16, what is -49 - -d4e2?
d499
In base 15, what is a2a + 978c?
a2b7
In base 9, what is 136631758 - -3?
136631762
In base 2, what is -1011 - -111010111101111100?
111010111101110001
In base 8, what is 104 - -10666?
10772
In base 6, what is 22013355 - 0?
22013355
In base 6, what is 252550 + 1110310?
1403300
In base 15, what is 1b259 - -73?
1b2cc
In base 3, what is -100 - -120010010000000?
120010002222200
In base 4, what is -2323 + 1023220230?
1023211301
In base 14, what is 138c46 + -86?
138ba0
In base 12, what is -4 + 4b9b85?
4b9b81
In base 16, what is 2 - a4a2c67?
-a4a2c65
In base 2, what is 1111111110 - -1001111001110?
1011111001100
In base 11, what is 1705510 - 2?
1705509
In base 8, what is 1226523 + -30?
1226473
In base 13, what is 2 + -603bb39?
-603bb37
In base 11, what is 10876a2 + -16?
1087687
In base 5, what is 4442143042 - -3?
4442143100
In base 10, what is 67 - -128016?
128083
In base 16, what is 0 - 7190?
-7190
In base 10, what is -27236917 - -2?
-27236915
In base 2, what is 101011100110100001011111 + 101?
101011100110100001100100
In base 5, what is 3342311 + 144332?
4042143
In base 2, what is -1010011011000 - 100010110?
-1010111101110
In base 6, what is -31421114413 - 2?
-31421114415
In base 11, what is -a57945 - 2?
-a57947
In base 6, what is -31 + -40102230?
-40102301
In base 6, what is -5524424402 - 1?
-5524424403
In base 12, what is 0 - 218b1804?
-218b1804
In base 5, what is -11 + -414104?
-414120
In base 11, what is 154434 - 162?
154282
In base 3, what is 1 - -21022010200110?
21022010200111
In base 10, what is -340049 - 2?
-340051
In base 13, what is -29258 + -9?
-29264
In base 7, what is 414 - 123263?
-122546
In base 15, what is 104d5ab1 - 1?
104d5ab0
In base 11, what is -64361 + -547?
-648a8
In base 8, what is -530 - 7026?
-7556
In base 15, what is -11 - 61a4d5?
-61a4e6
In base 6, what is 1023 - -25433?
30500
In base 14, what is 6 - -1a197c?
1a1984
In base 7, what is 4364 - 13005?
-5311
In base 13, what is 1 + 46514b?
46514c
In base 12, what is 2248516 + 4?
224851a
In base 12, what is 90a2 - 359?
8945
In base 14, what is cbd - 1597?
-6b8
In base 7, what is -1 + 1621263423?
1621263422
In base 14, what is -4 + -1dd1c222?
-1dd1c226
In base 8, what is 4154612 + -37?
4154553
In base 12, what is -744717 - -60?
-744677
In base 16, what is 3a8bc + 193?
3aa4f
In base 10, what is 209793546 + -1?
209793545
In base 13, what is -8156 - 3c1b?
-c074
In base 4, what is -22332311 - -1031?
-22331220
In base 5, what is 3401020443 + -121?
3401020322
In base 10, what is 159762 + -661?
159101
In base 12, what is -5a168 - -301?
-59a67
In base 7, what is 42 + -1443644?
-1443602
In base 13, what is -19 - -74ba8?
74b8c
In base 14, what is 3ca6 - -332?
41d8
In base 16, what is 1a93ae - -c?
1a93ba
In base 13, what is 1 - -12c73bc?
12c73c0
In base 16, what is 27c - 7af0e?
-7ac92
In base 4, what is 1021323 - -13011121?
20033110
In base 3, what is 102222221 + 211111101?
1021111022
In base 15, what is 1a - 202ac?
-20292
In base 8, what is 63227 - 1414?
61613
In base 7, what is -1012223 - 45?
-1012301
In base 13, what is -5 - 27177ab0?
-27177ab5
In base 10, what is 433 - 52207?
-51774
In base 12, what is 607663a - -2?
6076640
In base 16, what is 10b - -12f2f1?
12f3fc
In base 9, what is 16413372 - 8?
16413363
In base 16, what is -217 - c7a6?
-c9bd
In base 9, what is 2 + 3383110?
3383112
In base 11, what is -1a95823 - -2?
-1a95821
In base 10, what is -7068 + 606?
-6462
In base 9, what is 224031 + -132?
223788
In base 9, what is 383277864 + 2?
383277866
In base 11, what is 7 + 43965?
43971
In base 16, what is 4 - b54a64?
-b54a60
In base 5, what is 44 - -22442003024?
22442003123
In base 3, what is 11 + -100000202022110010?
-100000202022102222
In base 12, what is a057848 - -1?
a057849
In base 11, what is -5a2a43 - 92?
-5a3025
In base 15, what is -5 + -dc9abc6?
-dc9abcb
In base 6, what is -404334 + -25435?
-434213
In base 4, what is -21 + 101310321023?
101310321002
In base 13, what is 999bbc2 + 5?
999bbc7
In base 12, what is -8 - -46b0706?
46b06ba
In base 15, what is -3355 + 39?
-331b
In base 3, what is -110210220012210 - 211?
-110210220020121
In base 12, what is 566ab2 - -79?
566b6b
In base 9, what is -6 - -236586832?
236586825
In base 7, what is -5252140360 - -4?
-5252140353
In base 7, what is 0 - 10003121030?
-10003121030
In base 5, what is -3 - -3142334423?
3142334420
In base 13, what is -112244b - -4?
-1122447
In base 4, what is -1110 - -21202210133?
21202203023
In base 8, what is -1516117 + -71?
-1516210
In base 16, what is -4 - 1bca2f7?
-1bca2fb
In base 15, what is -8a0 + 2bcc2?
2b422
In base 10, what is 7922723 - 13?
7922710
In base 9, what is -8027166613 - 4?
-8027166617
In base 6, what is -2 + 25541204?
25541202
In base 9, what is 888 - 628681?
-627682
In base 10, what is 2 + -21900350?
-21900348
In base 9, what is 347851 - 703?
347147
In base 7, what is 23 + -322354?
-322331
In base 14, what is 32b831 + 71?
32b8a2
In base 8, what is 14 - 20353714?
-20353700
In base 7, what is 615515 + -4340?
611145
In base 10, what is 9907886 + 0?
9907886
In base 7, what is -43 + 46162?
46116
In base 10, what is 1176 - -356372?
357548
In base 13, what is 1336352 - -20?
1336372
In base 8, what is 41221 - -4200?
45421
In base 6, what is 1314533 - -13544?
1332521
In base 15, what is -1 + 8c917c4?
8c917c3
In base 15, what is 786156 - 4?
786152
In base 16, what is 66 - -24831?
24897
In base 14, what is -7 - -112da6?
112d9d
In base 13, what is -10b24b - -159?
-10b0c2
In base 10, what is -24680236 - -2?
-24680234
In base 7, what is -2125 - 1206626?
-1212054
In base 8, what is -21636 - -1061?
-20555
In base 9, what is 110 + 213578?
213688
In base 15, what is 41 - -12b?
16c
In base 16, what is -7 + -40ab90?
-40ab97
In base 3, what is 12101220 + -1111110?
10220110
In base 5, what is -1 - -30312234322?
30312234321
In base 5, what is -20 - 2441000001?
-2441000021
In base 4, what is -22002 - -2312303120?
2312221112
In base 2, what is -11 - 111001011001101011100?
-111001011001101011111
In base 9, what is -44 + 32374?
32330
In base 7, what is -11 + 33165634?
33165623
In base 15, what is 4 + -5913a74?
-5913a70
In base 4, what is 31203203 + -2322?
31200221
In base 2, what is 11010111111011001011101000001 + 1?
11010111111011001011101000010
In base 2, what is 10100001110001100111000 - 100101?
10100001110001100010011
In base 6, what is 0 - 13510015051?
-13510015051
In base 3, what is -2010200 + 22001210?
12221010
In base 7, what is 2 + -4212444026?
-42124